 z be n(-1). Let b(l) be the second derivative of l**4/12 - l**3/2 + l**2/2 - 8*l. List the prime factors of b(z).
11
Let g(l) = 3*l - 1. Let a be g(1). Suppose -v + a + 33 = 0. List the prime factors of v.
5, 7
What are the prime factors of ((-322)/3)/((-4)/6)?
7, 23
Suppose 0 = -5*k + 17 - 2. Suppose 4*x - 4*o = 60, k*x + 2*o - 39 - 21 = 0. Suppose x = 5*l - 32. What are the prime factors of l?
2, 5
Let u = 6 + -3. Suppose 4*k + 3 = u*i, -3*k - 2 = -2*i - 0. Suppose k = -5*z + a + 74, -a = 4*z + 3*a - 40. List the prime factors of z.
2, 7
Let u = -4 + 6. Let d(g) = -g**2 - 2*g + 2. Let w be d(-2). Suppose -k + 39 = 3*y + u*y, 2 = -w*k. What are the prime factors of y?
2
List the prime factors of (-117)/(-7) + (-20)/(-70).
17
Suppose 5*v + 11 = -2*k - k, -k + 2*v = 0. Let w(n) = n**2 + n + 3. List the prime factors of w(k).
5
Let j(w) = 0*w + 4 - 3*w - 3 + 8. Let p be j(-9). Let z = p - 22. What are the prime factors of z?
2, 7
Let z = -23 + 75. Suppose 220 = -4*u - z. What are the prime factors of u/(-10)*(-20)/(-8)?
17
Let w be 3/(6/4) + 1. Suppose 8 = 2*y + 4*j, 2*y = y - 3*j + 2. List the prime factors of w*y*(-1)/(-6).
2
Let g be (-12)/15 - 1/5. Let d be 2 - g/1 - 0. Suppose -3*t + 6*t + 3*l = 9, -t - 3 = d*l. List the prime factors of t.
2, 3
Let d = -5 + -17. Let o = 49 + d. What are the prime factors of o?
3
Suppose 167 = -2*x + 477. What are the prime factors of x?
5, 31
What are the prime factors of (-993)/(-9) + 5/((-30)/(-4))?
3, 37
Let p be -3*4*(-1)/6. List the prime factors of (p/(-4))/(6/(-132)).
11
Let y be (-2)/3 + 29/3. What are the prime factors of 4 + y/(-3) - -6?
7
Suppose 5*h - 103 = 37. Let c = h - 15. List the prime factors of c.
13
Suppose -4*i + 2*j + 26 = 0, -3*j - 2 = 13. List the prime factors of 53/i + 2/(-8).
13
Let i = 9 - 6. Suppose 4*s = i*u + 21, s + s + 4*u - 16 = 0. What are the prime factors of (s/(-4))/((-6)/16)?
2
List the prime factors of (-18)/(-10)*20/4.
3
What are the prime factors of 7/9 - 1 - (-4572)/162?
2, 7
Let q = 47 - 1. What are the prime factors of q?
2, 23
Suppose -s - 6 = 6. Let i = s + 25. What are the prime factors of i?
13
Suppose 4*k - 9*k + 800 = 0. List the prime factors of k.
2, 5
Let i(x) = x**3 + 5*x**2 - 8*x. Let w(l) = -l + 16. Let s be w(11). Suppose -s*a - 29 - 1 = 0. What are the prime factors of i(a)?
2, 3
Let t = 11 - -16. List the prime factors of t.
3
Let p = 83 - -27. What are the prime factors of p?
2, 5, 11
Let v(y) = y**3 - 19*y**2 - 14*y. What are the prime factors of v(20)?
2, 3, 5
Suppose -2*z - 16 = -0*z. Let a = -6 - z. List the prime factors of a.
2
Let b(k) = -23*k**2 - 7*k - 5. Let d(n) = -12*n**2 - 3*n - 2. Let a(s) = 2*b(s) - 5*d(s). List the prime factors of a(-1).
13
What are the prime factors of 2/6 - (-4720)/60?
79
Let p = 17 + -2. Suppose -2*j - a + 1 = 0, -p = a + 4*a. Suppose -j*k = k - 27. List the prime factors of k.
3
Let l(s) = -s - 4. Let y be l(-4). Let n be 0/(y + -2 + 0). List the prime factors of 2 - -7 - n/(-2).
3
Let w(c) = -c**2 + 9*c + 5. Let y be w(9). Suppose u - y = -5*h, 2*h + 0*u + u = 2. Let a(j) = 5*j**2 + 2*j - 1. What are the prime factors of a(h)?
2, 3
Suppose u + 15 = -3*o, 5*o + 27 - 2 = u. Suppose u = -f + 4*h + 18 + 3, -10 = 5*h. What are the prime factors of f?
13
Let y be 0 - (2 + -16 + 3). Suppose -4*j + y = -9. What are the prime factors of j?
5
Let w = 12 + -8. Let i = 8 - 6. Suppose 0 = -w*t + 14 + i. List the prime factors of t.
2
Let h(s) = 9*s**2 - 2*s - 1. Let l be h(-1). Let g = 30 - l. What are the prime factors of g?
2, 5
Suppose 0*x = -9*x + 54. Let v(k) = -k**2 + 8*k + 2 - 1 - 8. What are the prime factors of v(x)?
5
Let f(o) = o + 3. Let c be f(-5). Let d be c/(-9) - (-100)/36. Suppose -6*u + 15 = -d*u. What are the prime factors of u?
5
Let r(m) = -m**2 - 2*m + 2. Let h be r(-2). Suppose 0 = -2*g + 14 + h. List the prime factors of g.
2
Let h(s) = 2*s. Let p be h(1). Let x(y) = -5*y - 9 - p*y**2 - y**2 + 4*y**2. What are the prime factors of x(8)?
3, 5
Let j be 7*(23/7 - 3). Suppose -w + j*w - 9 = 0. What are the prime factors of w?
3
Let o be (6/(-4))/(6/(-8)). Suppose -o*v - v - 2*m + 1 = 0, 0 = -v + m - 3. What are the prime factors of (2*v)/(6/(-12))?
2
Let j be (-764)/3 - 2/(-3). List the prime factors of (-2)/(-3) - j/6.
43
Suppose v + 2 = 5*o, 2*v + o + 4 = -2*o. Let p = 6 - v. Let l = 4 + p. List the prime factors of l.
2, 3
Suppose 4*b = -2*o + 1630, -4*b + 5*o + 1238 = -413. What are the prime factors of b?
409
Let g = 15 + -12. Suppose g = -3*w + 108. What are the prime factors of w?
5, 7
Suppose 5*f = -0*f - 460. What are the prime factors of (4/8)/((-2)/f)?
23
Let b(d) = 2 + 0 - 6 - 3*d + 2*d. Let q = 13 + -21. List the prime factors of b(q).
2
Let a be 4/5*2345/14. Suppose 5*t - c - a = 0, 3*t - t = 5*c + 49. What are the prime factors of t?
3
Let q(x) = 8*x**3 - 2*x**2 + x + 1. What are the prime factors of q(1)?
2
Suppose 2*x + 120 = v, 0 = -3*v - 17*x + 14*x + 333. List the prime factors of v.
2, 3, 19
Let t = -79 + 125. What are the prime factors of t?
2, 23
What are the prime factors of 15 - 3/(-3 + 0)?
2
What are the prime factors of (-20)/90 + 371/9?
41
Let w(x) = 16*x**2 - 1. Let s be w(1). Suppose 3*t = s + 6. List the prime factors of t.
7
Let k(r) = -43*r + 1. List the prime factors of k(-1).
2, 11
Let w be (35/(-14))/(2/(-4)). Suppose -4*i - 19 = -w*i. What are the prime factors of i?
19
Let a = -3 + 6. Suppose -2*c + 5*c = 0. Let m = a - c. What are the prime factors of m?
3
List the prime factors of (-6)/(-2)*630/27.
2, 5, 7
Let d(r) = r - 1. Let t be d(1). Suppose 5*y + l - 124 = t, 4*y + 2*l - 71 = 33. What are the prime factors of y?
2, 3
Suppose 10*s = 7*s + 399. What are the prime factors of s?
7, 19
Let o(x) = x**2 + x - 2. Suppose 3*t - 2 = 2*t. What are the prime factors of o(t)?
2
Let w = 656 - 389. Suppose -w = -5*x - 72. What are the prime factors of x?
3, 13
Let s = 83 + 11. What are the prime factors of s?
2, 47
Suppose -3*k + 4*p = 26, -3*p + 4*p = 2*k + 9. Let y = k - -4. Suppose -4 = -y*a + 4. What are the prime factors of a?
2
List the prime factors of 2013/22*4/6.
61
Let o = 1 + -1. Let n(b) = b**3 + b**2 + b + 20. Let c be n(o). Suppose -5*k + 4*l + c = -6, 3*k - l = 17. List the prime factors of k.
2, 3
Suppose 2*a - 178 = -4*c, 0*a = 5*a + 4*c - 433. List the prime factors of a.
5, 17
Let y(o) = 15*o**2 - 2*o + 2. What are the prime factors of y(1)?
3, 5
Let k = 16 - 7. Let u be 1/(-2) - k/(-2). What are the prime factors of 10 - u*2/4?
2
Let k = 62 + -43. List the prime factors of k.
19
Let n = 45 - 13. Let r = n - 17. List the prime factors of r.
3, 5
Let m be (-1)/(-2) - 9/(-2). Suppose v = -m + 1. Let p = v + 11. What are the prime factors of p?
7
Let w be 4/(-10) + (-1008)/105. List the prime factors of (-335)/w - (-2)/(-4).
3, 11
Let p be (-1)/(-3) + 452/(-6). List the prime factors of ((-7)/(-3))/((-5)/p).
5, 7
Let h(o) be the first derivative of o**6/45 - o**5/120 - 2*o**3/3 - 1. Let n(p) be the third derivative of h(p). What are the prime factors of n(1)?
7
List the prime factors of ((-101)/2)/((-5)/10).
101
Let t(d) = d**2 + 2*d. Let c be t(-3). Suppose 0 = -7*s + c*s + 28. What are the prime factors of s?
7
What are the prime factors of (4 - -196 - 8) + -1 + 0?
191
Let t = 78 - 44. List the prime factors of t.
2, 17
Let q be 8/36 + (-86)/(-18). Suppose q*o = 2*l - 2 + 8, 0 = -2*o + 2*l. Let i(x) = 2*x**3 - 4*x**2 + 2*x + 2. What are the prime factors of i(o)?
2, 3
List the prime factors of (-4)/(-2)*13 + 1.
3
Let m be 2/4 + 6/(-12). Let n be (-4)/22 + (-97)/11. Let h = m - n. What are the prime factors of h?
3
Suppose 4*p - 249 = z - 0*z, -z = -p + 63. What are the prime factors of p?
2, 31
What are the prime factors of (82/6)/(1/3)?
41
Let x(b) = -2*b**2 - 23*b - 13. Let s(t) = -t**2 - 12*t - 7. Suppose 3*f - 8 = 13. Let u(c) = f*s(c) - 4*x(c). List the prime factors of u(-8).
3
Let y = -3 - -6. Suppose 4*n = p - y*p - 22, 3*p + 12 = n. Let r = n + 5. List the prime factors of r.
2
Let b = 215 - 123. List the prime factors of b.
2, 23
Let f(b) = 2*b**3 - b**2 + 4*b - 4. Let w be f(3). Let m = w - 31. List the prime factors of m.
2, 11
Let t(i) = 4*i**2 + 3*i + 4. What are the prime factors of t(-3)?
31
Let u(j) = -j**3 - 6*j**2 - j + 3. Let 